250 divide 32553963?
False
Is 287 a factor of 81314852?
False
Is 70081830 a multiple of 546?
True
Is 45781905 a multiple of 39?
True
Is 6082512 a multiple of 48?
True
Is 136740708 a multiple of 81?
False
Is 171656298 a multiple of 38?
True
Does 79 divide 2506583495?
True
Does 137 divide 1950030154?
False
Does 75 divide 1201850780?
False
Is 41434841 a multiple of 13?
False
Is 410639148 a multiple of 55?
False
Does 68 divide 1676804520?
True
Is 139268346 a multiple of 142?
True
Is 42 a factor of 39974004?
True
Does 5 divide 1584020?
True
Is 63081826 a multiple of 83?
True
Is 34 a factor of 51292026?
True
Does 463 divide 900294703?
True
Does 283 divide 33148073?
True
Is 72 a factor of 633995928?
True
Is 49 a factor of 50571577?
True
Is 1078 a factor of 84825664?
True
Does 40 divide 7979280?
True
Is 815 a factor of 862393880?
True
Is 5918307 a multiple of 2?
False
Is 27 a factor of 544476033?
True
Is 135929586 a multiple of 69?
True
Does 4402 divide 1056102400?
False
Is 30747140 a multiple of 84?
False
Is 382030658 a multiple of 278?
True
Does 5 divide 12886507?
False
Does 3 divide 1948395?
True
Does 39 divide 210489639?
False
Does 252 divide 1323269640?
True
Is 279 a factor of 51465554?
False
Is 923698953 a multiple of 927?
True
Is 19 a factor of 14379620?
False
Is 482199 a multiple of 201?
True
Is 12 a factor of 733556340?
True
Does 4 divide 399040?
True
Is 128799290 a multiple of 16?
False
Is 24587340 a multiple of 155?
True
Is 1140228 a multiple of 5?
False
Is 534 a factor of 3466124020?
False
Is 374347875 a multiple of 2265?
True
Is 17722602 a multiple of 39?
False
Is 69 a factor of 2054810895?
False
Is 273348882 a multiple of 102?
True
Does 58 divide 420360278?
True
Is 10308570 a multiple of 320?
False
Is 1491 a factor of 68254285?
False
Does 6 divide 84901534?
False
Is 249 a factor of 84149543?
False
Does 4 divide 233450424?
True
Is 2 a factor of 14344846?
True
Is 63 a factor of 404527914?
True
Is 383 a factor of 3923806658?
True
Is 2252 a factor of 399345321?
False
Is 2532980 a multiple of 82?
True
Is 3623617894 a multiple of 325?
False
Does 619 divide 1567830363?
False
Does 4026 divide 4807529815?
False
Is 10 a factor of 121706105?
False
Is 9185036 a multiple of 7?
True
Does 83 divide 129227829?
False
Is 1045552755 a multiple of 5135?
True
Does 152 divide 1174886152?
False
Does 5 divide 70361245?
True
Does 28 divide 27247463?
False
Does 15 divide 48944874?
False
Is 62 a factor of 542089932?
True
Does 50 divide 364991900?
True
Does 106 divide 2900469626?
True
Is 451 a factor of 36588728?
True
Does 657 divide 5164677?
True
Does 682 divide 2301090?
False
Does 1993 divide 424133529?
False
Does 335 divide 10339105?
True
Is 25 a factor of 603099262?
False
Does 4351 divide 897589545?
True
Is 251 a factor of 45088606?
False
Is 140339051 a multiple of 207?
False
Is 1698 a factor of 15142764?
True
Does 315 divide 12511170?
True
Is 111548160 a multiple of 842?
True
Is 14 a factor of 33338270?
True
Does 11 divide 723008?
True
Is 25 a factor of 31798450?
True
Is 2728339 a multiple of 121?
False
Does 319 divide 163235190?
False
Is 52387444 a multiple of 17?
False
Is 2149869969 a multiple of 13?
True
Does 45 divide 2025000?
True
Is 55800467 a multiple of 890?
False
Does 51 divide 14140331?
False
Does 33 divide 121770455?
False
Is 5 a factor of 10205529?
False
Does 15 divide 18220946?
False
Is 165 a factor of 65312227?
False
Does 130 divide 1717236300?
True
Does 61 divide 89078132?
False
Does 51 divide 3811740?
True
Is 37 a factor of 41335813?
False
Does 704 divide 478973510?
False
Is 13 a factor of 11060184?
False
Is 4 a factor of 122055016?
True
Is 101 a factor of 3449902551?
True
Is 19 a factor of 133218633?
True
Is 6050676197 a multiple of 453?
False
Does 3 divide 119479080?
True
Does 15 divide 1525285113?
False
Is 5 a factor of 55796629?
False
Is 19128982 a multiple of 151?
True
Does 157 divide 255693869?
False
Is 64 a factor of 14130591?
False
Does 25 divide 79648568?
False
Is 18317526 a multiple of 167?
False
Is 240520735 a multiple of 1505?
False
Does 1010 divide 93849200?
True
Is 45 a factor of 48855015?
True
Is 37236409 a multiple of 7?
True
Does 1165 divide 20048485?
True
Is 3226392555 a multiple of 9?
False
Is 2284346 a multiple of 69?
False
Does 1731 divide 217557273?
True
Is 7159927498 a multiple of 4254?
False
Does 14 divide 32444496?
True
Is 3546 a factor of 333476478?
True
Does 6 divide 3515750?
False
Is 172585192 a multiple of 39?
False
Is 1615272218 a multiple of 658?
True
Is 4 a factor of 1476084595?
False
Is 3223 a factor of 927840463?
True
Does 5 divide 28513753?
False
Is 52 a factor of 28510040?
True
Is 6062524 a multiple of 26?
True
Is 37543958 a multiple of 46?
True
Is 11 a factor of 17749930?
True
Does 19 divide 27023453?
True
Is 47938690 a multiple of 10?
True
Is 17525830 a multiple of 7?
True
Is 131 a factor of 125580792?
True
Does 274 divide 2052499750?
True
Is 166 a factor of 2861861912?
True
Does 30 divide 7452043440?
True
Is 547 a factor of 174948522?
False
Is 2511925 even?
False
Is 74 a factor of 15182958?
False
Is 74907948 a multiple of 81?
False
Is 108 a factor of 1702644300?
True
Does 19 divide 1785163087?
False
Is 696249097 a multiple of 819?
False
Is 722850744 a multiple of 136?
True
Is 473 a factor of 1073143762?
False
Does 177 divide 35955?
False
Is 4302162 a multiple of 21?
False
Does 13 divide 799383707?
False
Is 95 a factor of 78588332?
False
Is 74 a factor of 58185517?
False
Is 52 a factor of 11414607?
False
Is 11333188 a multiple of 9?
False
Is 25 a factor of 31242000?
True
Is 493 a factor of 47644290?
False
Is 161769104 a multiple of 8?
True
Is 528176467 a multiple of 3206?
False
Is 25997370 a multiple of 645?
True
Does 3 divide 26597271?
True
Is 120 a factor of 249726480?
True
Is 114 a factor of 83927826?
True
Is 990 a factor of 872697624?
False
Does 4 divide 757612436?
True
Does 111 divide 130882572?
False
Is 47 a factor of 1164566?
True
Does 17 divide 57067798?
False
Is 393340207 a multiple of 11?
False
Is 489 a factor of 14467554?
True
Is 1250261 a multiple of 9?
False
Does 1387 divide 2130962230?
False
Is 15 a factor of 1107995315?
False
Is 24 a factor of 1243370376?
True
Does 136 divide 72083562?
False
Is 200590176 a multiple of 92?
True
Is 57608665 a multiple of 49?
False
Is 74932156 a multiple of 122?
True
Is 581 a factor of 172607547?
True
Does 170 divide 17493977?
False
Is 283 a factor of 21424220?
False
Does 9 divide 37394910?
True
Does 1658 divide 166948235?
False
Is 97 a factor of 27275915?
True
Is 103 a factor of 25539980?
False
Is 92083555 a multiple of 29?
True
Is 1703408130 a multiple of 162?
True
Is 6162371 a multiple of 3?
False
Is 253881743 a multiple of 780?
False
Is 4896912836 a multiple of 31?
False
Does 1131 divide 91031928?
True
Does 53 divide 1036644387?
False
Is 933052830 a multiple of 951?
False
Is 1361269554 a multiple of 893?
True
Does 13 divide 1861053258?
False
Is 271 a factor of 3925164?
True
Is 1275725315 a multiple of 6271?
False
Is 1348 a factor of 560646970?
False
Is 4633 a factor of 237353223?
True
Does 34 divide 579530?
True
Is 255822504 a multiple of 2172?
True
Is 62281900 a multiple of 3140?
True
Is 78237432 a multiple of 13?
True
Is 13 a factor of 69697784?
True
Does 10 divide 2114186?
False
Does 266 divide 64300579?
False
Is 1133 a factor of 68497359?
False
Does 345 divide 1976912445?
True
Is 4445189 a multiple of 252?
False
Is 10 a factor of 83803219?
False
Is 14042268 a multiple of 54?
True
Does 539 divide 652925196?
True
Does 9 divide 987714387?
True
Does 13 divide 80974465?
True
Does 79 divide 34013608?
True
Is 6021 a factor of 1320236712?
True
Is 346955 a multiple of 161?
True
Does 451 divide 31852326?
True
Is 7 a factor of 694529696?
True
Is 495 a factor of 81925965?
True
Is 103445103 a multiple of 590?
False
Is 95222294 a multiple of 751?
True
Is 3 a factor of 10392757?
False
Is 1093 a factor of 53848547?
False
Does 1126 divide 908251868?
True
Is 134969811 a multiple of 4?
False
Is 527909985 a multiple of 1408?
False
Is 50717690 a multiple of 1405?
True
Does 39 divide 1946939?
False
Is 12 a factor of 35899620?
True
Does 12 divide 481611264?
True
Does 4322 divide 97880334?
True
Is 2607 a factor of 2261423738?
False
Is 91580742 a multiple of 1105?
False
Doe